{"id":164,"date":"2022-10-17T21:43:30","date_gmt":"2022-10-17T19:43:30","guid":{"rendered":"https:\/\/vsgaubitsch.ac.at\/?page_id=164"},"modified":"2025-10-07T18:18:47","modified_gmt":"2025-10-07T16:18:47","slug":"elternverein","status":"publish","type":"page","link":"https:\/\/vsgaubitsch.ac.at\/?page_id=164","title":{"rendered":"Elternverein"},"content":{"rendered":"\n<p>Der Elternverein unterst\u00fctzt die Schule in vielen Bereichen und ist ein wichtiges Bindeglied zwischen den Eltern und der Schule.<\/p>\n\n\n\n<p>Viele Veranstaltungen und Ausfl\u00fcge werden mitfinanziert (z.B. Buskosten, Mitmachkonzerte, Spende der Faschingskrapfen u.v.m.). <br>Dankenswerterweise werden Buffets bei verschiedenen Schulveranstaltungen vom Elternverein organisiert.&nbsp;<\/p>\n\n\n\n<p>Bei der Jahreshauptversammlung am 8. Okt. 2025 wurden folgende Mitglieder in den Vorstand gew\u00e4hlt:<\/p>\n\n\n\n<div class=\"wp-block-columns alignwide is-layout-flex wp-container-core-columns-is-layout-9d6595d7 wp-block-columns-is-layout-flex\">\n<div class=\"wp-block-column is-layout-flow wp-block-column-is-layout-flow\">\n<p class=\"has-text-align-center\"><br><br>Obfrau: <br>Obfrau Stv.: <br><br>Schriftf\u00fchrerin: <br>Schriftf\u00fchrerin Stv.: <br><br>Kassierin: <br>Kassierin Stv.: <br><br>Rechnungspr\u00fcfer: <br><\/p>\n<\/div>\n\n\n\n<div class=\"wp-block-column is-layout-flow wp-block-column-is-layout-flow\"><\/div>\n<\/div>\n\n\n\n<p class=\"has-text-align-center has-larger-font-size\"><\/p>\n","protected":false},"excerpt":{"rendered":"<p>Der Elternverein unterst\u00fctzt die Schule in vielen Bereichen und ist ein wichtiges Bindeglied zwischen den Eltern und der Schule. Viele Veranstaltungen und Ausfl\u00fcge werden mitfinanziert (z.B. Buskosten, Mitmachkonzerte, Spende der Faschingskrapfen u.v.m.). Dankenswerterweise werden Buffets bei verschiedenen Schulveranstaltungen vom Elternverein organisiert.&nbsp; Bei der Jahreshauptversammlung am 8. Okt. 2025 wurden folgende Mitglieder in den Vorstand gew\u00e4hlt:&hellip; <a class=\"more-link\" href=\"https:\/\/vsgaubitsch.ac.at\/?page_id=164\"><span class=\"screen-reader-text\">Elternverein<\/span> weiterlesen<\/a><\/p>\n","protected":false},"author":2,"featured_media":0,"parent":0,"menu_order":0,"comment_status":"closed","ping_status":"closed","template":"","meta":{"footnotes":""},"class_list":["post-164","page","type-page","status-publish","hentry","entry"],"_links":{"self":[{"href":"https:\/\/vsgaubitsch.ac.at\/index.php?rest_route=\/wp\/v2\/pages\/164","targetHints":{"allow":["GET"]}}],"collection":[{"href":"https:\/\/vsgaubitsch.ac.at\/index.php?rest_route=\/wp\/v2\/pages"}],"about":[{"href":"https:\/\/vsgaubitsch.ac.at\/index.php?rest_route=\/wp\/v2\/types\/page"}],"author":[{"embeddable":true,"href":"https:\/\/vsgaubitsch.ac.at\/index.php?rest_route=\/wp\/v2\/users\/2"}],"replies":[{"embeddable":true,"href":"https:\/\/vsgaubitsch.ac.at\/index.php?rest_route=%2Fwp%2Fv2%2Fcomments&post=164"}],"version-history":[{"count":6,"href":"https:\/\/vsgaubitsch.ac.at\/index.php?rest_route=\/wp\/v2\/pages\/164\/revisions"}],"predecessor-version":[{"id":1452,"href":"https:\/\/vsgaubitsch.ac.at\/index.php?rest_route=\/wp\/v2\/pages\/164\/revisions\/1452"}],"wp:attachment":[{"href":"https:\/\/vsgaubitsch.ac.at\/index.php?rest_route=%2Fwp%2Fv2%2Fmedia&parent=164"}],"curies":[{"name":"wp","href":"https:\/\/api.w.org\/{rel}","templated":true}]}}